2 + h**3/6 + 19*h**2/2 + 5*h - 21. Determine z(0).
19
Let q(u) be the first derivative of 4*u**3/3 - 4*u**2 - 7*u - 3. Let b(c) = 7*c**2 - 15*c - 13. Let w(h) = 3*b(h) - 5*q(h). Let x be (-15)/12*-1*4. Give w(x).
-4
Let i be (13 - -15)*2/8. Suppose 7 = -2*v - i. Let l(a) = a**3 + 8*a**2 + 7*a + 1. Calculate l(v).
1
Let m(v) = 3*v - 6. Let q(t) = -3*t + 5. Let n(r) = r - 2. Let j(k) = -5*n(k) - 2*q(k). Let z(y) = 2*j(y) - m(y). Calculate z(8).
-2
Let t(o) = 10*o + 127. Let l be t(-12). Let y(r) = -3*r + 11. Determine y(l).
-10
Let p = -10 - -6. Let g(y) = 2*y**2 - 12*y - 12. Let n be g(7). Let v(t) = -1 + 5 - 3*t + 3*t + n*t. Calculate v(p).
-4
Let h(i) = i**2 + 2*i + 2. Let g be 156/(-8) + 12/(-8). Let d = g - -19. Let r be h(d). Let o(x) = -x + 2. What is o(r)?
0
Let h(c) be the second derivative of -c**5/20 - c**4/4 + 13*c**3/6 + 6*c**2 + 211*c. Calculate h(-5).
-3
Let g(j) be the third derivative of j**6/120 - j**5/10 - j**4/6 - 2*j**3/3 + 4*j**2. Let w be ((-2 - 0) + 1)*(-1288)/184. What is g(w)?
17
Let b(q) = -q**2 - 10*q - 12. Let n = 11 + -9. Suppose -n*o = -3*o + 2. Suppose 14 = -o*g - 2. Determine b(g).
4
Let l = 56 + -24. Suppose -5*o + 7 = l. Let z(c) = -3*c - 4. Calculate z(o).
11
Suppose -2*y = 5*c - 11, 3*y = -y - 8. Let a(p) = 3*p**2 - 5 + 2*p + 6 - p**3 + 0*p**3. Calculate a(c).
7
Let a(g) = g**3 + 18*g**2 - 21*g - 36. Let c be a(-19). Let w(s) = 10*s**2 - 3*s + 2. What is w(c)?
36
Let h(s) = -s**3 + 2*s**2 - s - 1. Let k(m) = 4*m**3 - 11*m**2 + 14*m + 8. Let g(a) = 5*h(a) + k(a). Determine g(-4).
15
Let x(c) = -c**3 + 8*c**2 - 6*c - 4. Let d(h) = -2*h**3 + 17*h**2 - 13*h - 9. Let q(z) = 6*d(z) - 11*x(z). What is q(13)?
3
Let t(v) be the second derivative of -v**2 - 5/6*v**3 + 11*v + 0 + 1/4*v**4 + 1/20*v**5. Calculate t(-4).
2
Let y(z) = -z**3 - z**2. Suppose 2*x - 4*a = 3*x - 4, 2*x = 3*a - 14. Let p be 4*1/x*2. Give y(p).
4
Let k(q) be the first derivative of q**7/84 + q**4/24 + 19*q**3/3 - 53. Let v(i) be the third derivative of k(i). Calculate v(1).
11
Let c(g) = 5*g**2 - 21*g + 5. Let d(r) = r**2 - 4*r + 1. Let z(i) = -2*c(i) + 11*d(i). Let w be z(2). Let o(b) = 2 - 8*b + w + 3*b - 2. Determine o(-2).
11
Let y = -36 - -36. Let f(u) = 7*u - 2. Let c(s) = -6*s + 1. Let h(p) = 6*c(p) + 5*f(p). Give h(y).
-4
Let k(z) be the second derivative of -z**5/20 + 5*z**4/12 + 21*z. What is k(3)?
18
Let m(u) = 40*u**2 - 3 - 2 + u - 39*u**2. Let x be m(-4). Let q(y) = y**2 - 10*y + 7. Determine q(x).
-14
Let i(b) = b**2 - b - 1. Let g(w) = 20. Let t(r) = -g(r) - i(r). What is t(0)?
-19
Let l(g) be the second derivative of 4*g**3/3 + 9*g**2/2 - 478*g. Give l(5).
49
Let j(u) = 2*u + 13. Let c be j(-5). Let y(a) = 0*a**3 - c + 22*a - 20*a + a**3 + 8 - 5*a**2. What is y(4)?
-3
Let g(y) = -y**3 - 4*y**2 + 2*y - 4 - 2*y**2 + 4*y. Let k be 2 + (-5)/1 - 4. Determine g(k).
3
Let t(i) = -7*i + 2*i + 7*i - 4*i + 1 - i**2. Determine t(-3).
-2
Let u(i) be the first derivative of -i**2/2 + 12*i - 13. Let q be u(9). Let y(a) = -a - 1. Let k(j) = j. Let s(w) = 5*k(w) + 2*y(w). Calculate s(q).
7
Let y(q) = q**3 + 2 - q - 1 + 0*q**3 - q**2. Let x(i) = -2*i**3 + 2*i**2 + 5*i - 2. Let h(u) = -x(u) - 3*y(u). Suppose 40 = 357*a - 337*a. Determine h(a).
-9
Let v = 14 - 10. Suppose v*s - 15 = -s. Let w(h) = 1 + 0*h**2 - 15*h + 12*h + 2*h**2. Give w(s).
10
Let j(x) = 13*x**2 - 12*x**2 - 5*x**2 - x**3 + 3*x - 3. Determine j(-5).
7
Let z = 2 + -2. Let n = z + 2. Let y(a) be the first derivative of a**4/4 - 2*a**3/3 - a**2/2 + 2*a + 2. What is y(n)?
0
Let s(r) = -3*r + 12. Let i be 4/8*(4 + 2)*-2. What is s(i)?
30
Let w be 3*(-6)/9*1. Let q(c) = 2*c**2 - 2. Let j(k) be the second derivative of -5*k**4/6 + 5*k**2 + 11*k. Let x(z) = -3*j(z) - 16*q(z). Determine x(w).
-6
Let m(h) = 4*h + 1. Let p(y) = 3*y + 1. Let g(t) = 5*m(t) - 6*p(t). Let c(w) = -w**3 - 14*w**2 + 3. Let n be c(-14). Let v be -1 + 1 - ((-3)/(-1))/n. Give g(v).
-3
Let s(w) = 22*w**2 - 218 + 219 + w - 17*w**3 - 21*w**2. Calculate s(-1).
18
Let g(w) = -5*w**2 - 12*w + 8. Let c(o) = -9*o**2 - 21*o + 15. Let f(k) = 3*c(k) - 5*g(k). Determine f(-3).
-4
Let t(f) = f - 8. Let l(s) = 7*s - 38. Let y(n) = l(n) - 6*t(n). What is y(-2)?
8
Let y(b) = 3*b**2 - 2*b - 1. Let p = 12 + 8. Suppose -5*u + 10*u = 3*w + p, -16 = -w - 4*u. Suppose w = -4*t + t - 3. What is y(t)?
4
Suppose -2*w + 0 = -6. Let z(u) be the second derivative of 0 + 8*u - 1/12*u**4 + 1/2*u**3 - 2*u**2. Calculate z(w).
-4
Let k(h) = -h**3 - h**2 - h + 1. Let w be k(1). Let p(i) = i**2 - 2*i**2 + 4*i - 1217*i**3 + 1216*i**3 + 3. Calculate p(w).
-1
Let u = -2288 + 2290. Let n(f) = -f**3 + 3*f**2 - 4*f + 4. Determine n(u).
0
Suppose -12*l + 45 = 69. Let z(w) be the second derivative of 3*w**5/20 + w**4/6 + w**3/6 - w**2/2 - 15*w. Determine z(l).
-19
Let y be 20/(-6) + (-1)/(-3). Let z(u) = -3*u**2 + 24 - 2 - 17 + 3*u + 5*u. Let a(b) = -2*b**2 + 4*b + 3. Let x(h) = y*z(h) + 5*a(h). Determine x(-3).
3
Let l be (-41)/13 + 3 - (-189)/(-39). Let i(s) = -2*s**2 - 2*s + 7. Calculate i(l).
-33
Let t(n) = -n + 2 + 6*n**2 + 918*n**3 - 8*n**2 - 910*n**3. Give t(1).
7
Let b(c) be the third derivative of -c**5/15 - 3*c**4/8 + c**3/2 - 2*c**2 - 167*c. Give b(-3).
-6
Let d be (1 - (-64)/8)*(-4)/(-6). Let v(y) = -12 + 2*y - y + 2. Determine v(d).
-4
Let p(x) = 41*x + 35*x + x**2 + 5 - 10*x - 76*x. What is p(10)?
5
Let w(z) = 2*z + 6 - 3*z - 3*z + 2*z + 3*z. What is w(-3)?
3
Let i(j) = j**2 + 16*j + 70. Let p be i(-6). Let q(b) = -b + 23. What is q(p)?
13
Let b(s) be the second derivative of -s**3/6 - s**2/2 - 4*s. Let r(f) = 6*f - 6. Let g(j) = 3*b(j) + r(j). Let w be -4 - (-12 - 0) - 2. What is g(w)?
9
Let g(a) = 17*a + 1. Suppose 16*k + 0 = -32. What is g(k)?
-33
Let a(x) = x**3 + 2*x**2 - 3*x - 5. Let y be a(-2). Let w(s) = 3*s + y - 6*s + 4*s. Determine w(-5).
-4
Let u be ((10/(-2))/5)/(-1). Let c(p) = -1 + 2 + u - 2*p. Give c(4).
-6
Let t(v) = v**3 + 5*v**2 + 1. Suppose 0 = -37*l - 112 - 36. Determine t(l).
17
Let f(x) be the first derivative of x**2/2 + 10*x + 105. What is f(-13)?
-3
Let z(d) = -11*d + 1. Let o = -90 + 91. Give z(o).
-10
Suppose 2*z - 55 = -35. Let f(g) = g - 6. Give f(z).
4
Let s(d) = -5 + 3 + 37*d**2 - 6*d - 36*d**2 + 4. Give s(8).
18
Let n(a) = a**2 - 7*a - 8. Suppose 8*d - 101 + 37 = 0. Give n(d).
0
Let i(d) = d**2 + 4*d - 2. Let m be i(-4). Let g(f) = 89*f**2 - 18*f**2 - 34*f**2 - 35*f**2 - 2 + 2*f. Determine g(m).
2
Let r(t) = -t**3 - 11*t**2 + 13*t + 3. Suppose 5 - 125 = 10*o. Calculate r(o).
-9
Let r be 2/(-7) + 38/(-14). Suppose 0 = 5*y - 3*y - 4. Let k(c) = 0*c - 5*c + y + 4*c. Calculate k(r).
5
Let z(b) = -b - 5*b + 7 + 4*b. Suppose -27 = -3*m - 4*r, 10*r + 17 = m + 14*r. Calculate z(m).
-3
Let w be 12/9*21/14. Suppose 0 = w*b - 5 - 5. Let i(t) = -2*t**2 + 11*t - 8. Let q(c) = -c**2 + 5*c - 4. Let j(m) = 3*i(m) - 5*q(m). Determine j(b).
11
Suppose 4*n - k + 3 = 16, -3*n + 3*k = -21. Suppose -3*a + 0*h + 18 = -h, 4*h = n*a - 12. Let c(y) = y**3 - 6*y**2 - 4. Determine c(a).
-4
Let t(b) = -2*b**3 - 29*b**2 - 12*b + 30. Let q be t(-14). Let y(f) be the first derivative of 5 + 4*f + 1/3*f**3 - 3/2*f**q. What is y(4)?
8
Let x(m) = 2*m**3 + 27*m**2 - 15*m - 17. Let y = 743 + -757. Determine x(y).
-3
Let n = 19 + -12. Let t be (((-6)/7)/3)/((-1)/7). Let m(v) = 3*v**2 - 5*v - t*v**2 - 2 + 3*v - 5*v. What is m(n)?
-2
Suppose 6*l + 2 + 22 = 0. Let x(y) = -y**3 - 3*y**2 + 6*y + 4. Determine x(l).
-4
Let p(y) = -6*y**2 + 7*y - 4. Let a(u) = 5*u**2 - 6*u + 3. Let l(v) = 5*a(v) + 4*p(v). Determine l(-1).
2
Let f(a) = -a**3 + 12*a**2 - 18*a - 15. Suppose -2*h - 3*p = -35, -24*h - 2*p = -28*h + 30. What is f(h)?
5
Suppose -3*p = -2*l + 1, 4 = l + 4*p - 2*p. Let r(g) = g - 1. What is r(l)?
1
Let j(b) = b**2 - 2*b - 2. Let x be 168/91 - 4/(-26). Suppose -3*z = -0*k - 4*k, x*k - 2*z = 0. Suppose -4*g + 3*o = o - 16, 3*g - 4*o - 7 = k. Calculate j(g).
13
Let v(y) = -73*y - 21. Let z(s) = -61*s - 21. Let a(r) = 5*v(r) - 6*z(r). Give a(-9).
12
Let j(r) be the first derivative of 3/2*r**2 - 1/4*r**4 + 0*r + r**3 - 11. Give j(3).
9
Let u(k) = -14*k + 6. Suppose -3 = -4*p + 3*p. Suppose -3*x + 36 = -3*h, 0 = 5*h - 2*h + 12. Let q(g) = 5*g - 2. Let r(m) = p*u(m) + x*q(m). What is r(2)?
-2
Let d be (-27)/(-90) + (-12)/(-10). Let k(c) be the first deri